{"id":9215,"date":"2024-04-03T14:58:37","date_gmt":"2024-04-03T12:58:37","guid":{"rendered":"https:\/\/www.cocoonstock.org\/?post_type=product&#038;p=9215"},"modified":"2026-02-16T17:04:41","modified_gmt":"2026-02-16T16:04:41","slug":"boite-de-the-bleu-a-couvert-plat","status":"publish","type":"product","link":"https:\/\/www.cocoonstock.org\/?product=boite-de-the-bleu-a-couvert-plat","title":{"rendered":"Bo\u00eete de th\u00e9 \u00e0 couvert plat avec emplacement \u00e9tiquette, couleur bleue"},"content":{"rendered":"","protected":false},"excerpt":{"rendered":"<h6>H23cm \/\/ D16cm<\/h6>\n<h6><em>Tous les prix sont en dirhams, hors taxes<br \/>\nTous les prix s\u2019entendent hors frais logistique, production, consommables<\/em><\/h6>\n","protected":false},"featured_media":9216,"template":"","meta":[],"product_cat":[358],"product_tag":[373,377,376],"_links":{"self":[{"href":"https:\/\/www.cocoonstock.org\/index.php?rest_route=\/wp\/v2\/product\/9215"}],"collection":[{"href":"https:\/\/www.cocoonstock.org\/index.php?rest_route=\/wp\/v2\/product"}],"about":[{"href":"https:\/\/www.cocoonstock.org\/index.php?rest_route=\/wp\/v2\/types\/product"}],"version-history":[{"count":7,"href":"https:\/\/www.cocoonstock.org\/index.php?rest_route=\/wp\/v2\/product\/9215\/revisions"}],"predecessor-version":[{"id":9691,"href":"https:\/\/www.cocoonstock.org\/index.php?rest_route=\/wp\/v2\/product\/9215\/revisions\/9691"}],"wp:featuredmedia":[{"embeddable":true,"href":"https:\/\/www.cocoonstock.org\/index.php?rest_route=\/wp\/v2\/media\/9216"}],"wp:attachment":[{"href":"https:\/\/www.cocoonstock.org\/index.php?rest_route=%2Fwp%2Fv2%2Fmedia&parent=9215"}],"wp:term":[{"taxonomy":"product_cat","embeddable":true,"href":"https:\/\/www.cocoonstock.org\/index.php?rest_route=%2Fwp%2Fv2%2Fproduct_cat&post=9215"},{"taxonomy":"product_tag","embeddable":true,"href":"https:\/\/www.cocoonstock.org\/index.php?rest_route=%2Fwp%2Fv2%2Fproduct_tag&post=9215"}],"curies":[{"name":"wp","href":"https:\/\/api.w.org\/{rel}","templated":true}]}}