{"id":11908,"date":"2026-02-06T18:14:50","date_gmt":"2026-02-06T17:14:50","guid":{"rendered":"https:\/\/www.cocoonstock.org\/?post_type=product&#038;p=11908"},"modified":"2026-02-25T05:27:46","modified_gmt":"2026-02-25T04:27:46","slug":"miroir-decoratif-dore-forme-fenetre","status":"publish","type":"product","link":"https:\/\/www.cocoonstock.org\/?product=miroir-decoratif-dore-forme-fenetre","title":{"rendered":"Miroir d\u00e9coratif dor\u00e9 &#8211; forme fen\u00eatre"},"content":{"rendered":"","protected":false},"excerpt":{"rendered":"<h6><em>H70cm \/\/ L50cm<\/em><\/h6>\n<h6><em>Tous les prix sont en dirhams, hors taxes<br \/>\nTous les prix s\u2019entendent hors frais logistique, production, consommables.<\/em><\/h6>\n","protected":false},"featured_media":11909,"template":"","meta":[],"product_cat":[273],"product_tag":[373,374,375],"_links":{"self":[{"href":"https:\/\/www.cocoonstock.org\/index.php?rest_route=\/wp\/v2\/product\/11908"}],"collection":[{"href":"https:\/\/www.cocoonstock.org\/index.php?rest_route=\/wp\/v2\/product"}],"about":[{"href":"https:\/\/www.cocoonstock.org\/index.php?rest_route=\/wp\/v2\/types\/product"}],"version-history":[{"count":3,"href":"https:\/\/www.cocoonstock.org\/index.php?rest_route=\/wp\/v2\/product\/11908\/revisions"}],"predecessor-version":[{"id":12263,"href":"https:\/\/www.cocoonstock.org\/index.php?rest_route=\/wp\/v2\/product\/11908\/revisions\/12263"}],"wp:featuredmedia":[{"embeddable":true,"href":"https:\/\/www.cocoonstock.org\/index.php?rest_route=\/wp\/v2\/media\/11909"}],"wp:attachment":[{"href":"https:\/\/www.cocoonstock.org\/index.php?rest_route=%2Fwp%2Fv2%2Fmedia&parent=11908"}],"wp:term":[{"taxonomy":"product_cat","embeddable":true,"href":"https:\/\/www.cocoonstock.org\/index.php?rest_route=%2Fwp%2Fv2%2Fproduct_cat&post=11908"},{"taxonomy":"product_tag","embeddable":true,"href":"https:\/\/www.cocoonstock.org\/index.php?rest_route=%2Fwp%2Fv2%2Fproduct_tag&post=11908"}],"curies":[{"name":"wp","href":"https:\/\/api.w.org\/{rel}","templated":true}]}}