{"id":10274,"date":"2024-04-12T14:40:11","date_gmt":"2024-04-12T12:40:11","guid":{"rendered":"https:\/\/www.cocoonstock.org\/?post_type=product&#038;p=10274"},"modified":"2026-02-14T11:16:10","modified_gmt":"2026-02-14T10:16:10","slug":"vase-en-terre-cuite-brut-a-goulot-etroit","status":"publish","type":"product","link":"https:\/\/www.cocoonstock.org\/?product=vase-en-terre-cuite-brut-a-goulot-etroit","title":{"rendered":"Vase en terre cuite brut, \u00e0 goulot \u00e9troit"},"content":{"rendered":"","protected":false},"excerpt":{"rendered":"<h6><em>Vases de diff\u00e9rentes tailles<\/em><\/h6>\n<h6><em>Tous les prix sont en dirhams, hors taxes<br \/>\nTous les prix s\u2019entendent hors frais logistique, production, consommables.<\/em><\/h6>\n","protected":false},"featured_media":10275,"template":"","meta":[],"product_cat":[294],"product_tag":[373,377,383],"_links":{"self":[{"href":"https:\/\/www.cocoonstock.org\/index.php?rest_route=\/wp\/v2\/product\/10274"}],"collection":[{"href":"https:\/\/www.cocoonstock.org\/index.php?rest_route=\/wp\/v2\/product"}],"about":[{"href":"https:\/\/www.cocoonstock.org\/index.php?rest_route=\/wp\/v2\/types\/product"}],"version-history":[{"count":2,"href":"https:\/\/www.cocoonstock.org\/index.php?rest_route=\/wp\/v2\/product\/10274\/revisions"}],"predecessor-version":[{"id":10405,"href":"https:\/\/www.cocoonstock.org\/index.php?rest_route=\/wp\/v2\/product\/10274\/revisions\/10405"}],"wp:featuredmedia":[{"embeddable":true,"href":"https:\/\/www.cocoonstock.org\/index.php?rest_route=\/wp\/v2\/media\/10275"}],"wp:attachment":[{"href":"https:\/\/www.cocoonstock.org\/index.php?rest_route=%2Fwp%2Fv2%2Fmedia&parent=10274"}],"wp:term":[{"taxonomy":"product_cat","embeddable":true,"href":"https:\/\/www.cocoonstock.org\/index.php?rest_route=%2Fwp%2Fv2%2Fproduct_cat&post=10274"},{"taxonomy":"product_tag","embeddable":true,"href":"https:\/\/www.cocoonstock.org\/index.php?rest_route=%2Fwp%2Fv2%2Fproduct_tag&post=10274"}],"curies":[{"name":"wp","href":"https:\/\/api.w.org\/{rel}","templated":true}]}}