{"id":10059,"date":"2024-04-11T22:32:39","date_gmt":"2024-04-11T20:32:39","guid":{"rendered":"https:\/\/www.cocoonstock.org\/?post_type=product&#038;p=10059"},"modified":"2024-04-11T22:41:52","modified_gmt":"2024-04-11T20:41:52","slug":"stele-metal-dore-gm","status":"publish","type":"product","link":"https:\/\/www.cocoonstock.org\/?product=stele-metal-dore-gm","title":{"rendered":"St\u00e8le m\u00e9tal dor\u00e9 GM"},"content":{"rendered":"","protected":false},"excerpt":{"rendered":"<h6>H 120cm \/\/ 40cm X 40cm<\/h6>\n<h6><em>Tous les prix sont en dirhams, hors taxes<br \/>\nTous les prix s\u2019entendent hors frais logistique, production, consommables.<\/em><\/h6>\n","protected":false},"featured_media":10067,"template":"","meta":[],"product_cat":[365],"product_tag":[],"_links":{"self":[{"href":"https:\/\/www.cocoonstock.org\/index.php?rest_route=\/wp\/v2\/product\/10059"}],"collection":[{"href":"https:\/\/www.cocoonstock.org\/index.php?rest_route=\/wp\/v2\/product"}],"about":[{"href":"https:\/\/www.cocoonstock.org\/index.php?rest_route=\/wp\/v2\/types\/product"}],"version-history":[{"count":1,"href":"https:\/\/www.cocoonstock.org\/index.php?rest_route=\/wp\/v2\/product\/10059\/revisions"}],"predecessor-version":[{"id":10068,"href":"https:\/\/www.cocoonstock.org\/index.php?rest_route=\/wp\/v2\/product\/10059\/revisions\/10068"}],"wp:featuredmedia":[{"embeddable":true,"href":"https:\/\/www.cocoonstock.org\/index.php?rest_route=\/wp\/v2\/media\/10067"}],"wp:attachment":[{"href":"https:\/\/www.cocoonstock.org\/index.php?rest_route=%2Fwp%2Fv2%2Fmedia&parent=10059"}],"wp:term":[{"taxonomy":"product_cat","embeddable":true,"href":"https:\/\/www.cocoonstock.org\/index.php?rest_route=%2Fwp%2Fv2%2Fproduct_cat&post=10059"},{"taxonomy":"product_tag","embeddable":true,"href":"https:\/\/www.cocoonstock.org\/index.php?rest_route=%2Fwp%2Fv2%2Fproduct_tag&post=10059"}],"curies":[{"name":"wp","href":"https:\/\/api.w.org\/{rel}","templated":true}]}}